 r.
1
Let i = -1 - -7. Let f(m) = m**3 - 8*m**2 + 9*m + 3. Calculate the remainder when f(7) is divided by i.
5
Let f be (40/12)/(1/(-3)). Calculate the remainder when 39 is divided by 0 - 1*f*1.
9
Let u be (5/(10/6))/1. Suppose u*b = 56 + 16. Calculate the remainder when 46 is divided by b.
22
Let o(s) = s**2 + 7*s + 8. Let y be o(-6). Suppose y*k - 9 = 11. What is the remainder when 37 is divided by k?
7
Suppose -30*q + 32*q = 212. Calculate the remainder when q is divided by 18.
16
Let p(a) = -a**3 + 7*a**2 + 8*a + 4. Let b be p(7). Let o = -3 + 5. What is the remainder when (b/(-9))/(o/(-6)) is divided by 11?
9
Suppose 3*b = 4*y - 42, 4*b + 23 = 4*y - 21. Calculate the remainder when 12 is divided by y.
3
Let u = -17 + 15. Let x = 6 + -1. Calculate the remainder when (-132)/(-5) + u/x is divided by 9.
8
Suppose 6 = 3*r - 12. What is the remainder when 41 is divided by r?
5
Let z be 25/10 - 2/4. Let n be z/(-6) + 20/6. Calculate the remainder when -1 + (24 - (1 - n)) is divided by 13.
12
Let k = 11 - 8. Let x(t) = t**2 + t + 1. Calculate the remainder when 49 is divided by x(k).
10
Suppose 2*f + 0*a = 4*a + 32, -2*f = -5*a - 35. Calculate the remainder when 39 is divided by f.
9
Suppose 4*g + 0*g = 92. What is the remainder when g is divided by 13?
10
Suppose 2*t - 20 = 2*p, 2*t + 3*p + p = 26. Calculate the remainder when 52 is divided by t.
8
Suppose -2*w - 2 = -26. What is the remainder when 45 is divided by w?
9
Suppose 0 = 5*p - 3*s + 45 - 147, 3*p = -2*s + 46. Let a be 76/p + 2/(-9). Calculate the remainder when 26 is divided by 15 - 2*2/a.
12
Suppose c = 4*c - 69. Let g = -2 + -8. Calculate the remainder when c is divided by 62/5 + 4/g.
11
Let n(t) be the first derivative of 10*t**2 - 7*t + 3. Calculate the remainder when n(5) is divided by 24.
21
Suppose 0 = 3*x + 32 - 113. Let j = -41 - -48. What is the remainder when x is divided by j?
6
What is the remainder when -47*(-4 - -1)*13/39 is divided by 24?
23
Suppose 0 = 5*b - 54 - 46. Let r = 25 - 14. What is the remainder when b is divided by r?
9
Let v(y) = y**2 - 6*y - 1 - 4 - 1. Let a be v(6). What is the remainder when (9/a)/(2/(-4)) is divided by 2?
1
Let j be 6 - ((6 - 2) + -1). Calculate the remainder when ((-222)/(-8))/j*4 is divided by 13.
11
Suppose 5*v - 8 = 17. Suppose 10*k - 85 = v*k. What is the remainder when 32 is divided by k?
15
Let q = -50 + 122. Suppose 3*r - q = -r. What is the remainder when r is divided by 10?
8
Let g(k) = -k**2 - 23*k - 21. Calculate the remainder when 55 is divided by g(-21).
13
Suppose -3*v + 8*v = -3*j + 244, 4*v - 385 = -5*j. What is the remainder when j is divided by 19?
16
Suppose 5*c + 3*v - 420 = 0, 5*c + 3*v + v = 420. Calculate the remainder when c is divided by 22.
18
Suppose -3*i = -4*q + 7, -3*q + 3 = i + 1. Calculate the remainder when 201/9 - q/3 is divided by 8.
6
Suppose -12 = -l + 5*q, -4*q - 20 = -5*l + q. Let d(m) be the first derivative of 8*m**3/3 - m**2 + 3*m - 1. What is the remainder when d(l) is divided by 11?
9
What is the remainder when 36 is divided by (2 + 128/(-4))*4/(-6)?
16
Let t = 4 + -2. Suppose -t*k + 51 = k. What is the remainder when 50 is divided by k?
16
What is the remainder when ((-228)/30)/(4/(-10)) is divided by 3?
1
Suppose f = 3*n - 35, -f = 2*n - 17 + 2. Let a(b) be the second derivative of b**5/5 + 3*b. What is the remainder when n is divided by a(1)?
2
Suppose 5*y - 6 + 31 = 2*p, p = 2*y + 13. What is the remainder when p is divided by (-12)/(-4) - (-1 - 0)?
3
Suppose 2*l + 3 + 6 = -5*h, 0 = 3*h + 9. Suppose -2*k = -l - 7. What is the remainder when k is divided by 2?
1
Suppose 2*g + 3 = -2*c - 1, 2*g + 2 = -3*c. Suppose -122 = -c*z - 3*w - 24, -z = -w - 54. Suppose 3 + 15 = d. Calculate the remainder when z is divided by d.
16
Suppose 0 = 12*r - 16*r. Suppose z + 95 = 5*g + 2*z, 3*z - 15 = r. What is the remainder when g is divided by 7?
4
Suppose 3*l = l + 4. Suppose -3*s + 176 = 4*p, -p - l + 4 = 0. Suppose 2*u = 6*u - s. Calculate the remainder when 40 is divided by u.
12
Let f = -16 + 29. Let z(b) = -b**2 - 7*b + 2. Let t be z(-6). What is the remainder when (-4)/16 + 194/t is divided by f?
11
Suppose -3*t + 4*p = 3, -p = 3*p. What is the remainder when (1 - 3)/(-2) + 3 is divided by (-1)/t + (0 - -2)?
1
Let r(v) = -3*v**3 + v**2 - 1. Let u be r(-1). Suppose 0 = -f - u*f + 16. Calculate the remainder when 12/f + 2*1 is divided by 3.
2
Let q(s) = -8*s - 4. Let k = -9 + 7. What is the remainder when 23 is divided by q(k)?
11
Let x(t) = 41*t - 3. What is the remainder when x(1) is divided by 20?
18
Let q(l) = -l**2 + 12*l - 11. Suppose 7 + 2 = u. Calculate the remainder when q(u) is divided by 4/14 - 40/(-7).
4
Let t = -64 + 89. Let d(j) = -j**3 + 7*j**2 - j + 3. Calculate the remainder when d(5) is divided by t.
23
Let j(f) = -2*f - 44. Calculate the remainder when 16 is divided by j(-29).
2
Suppose -211 = 3*f - 13. What is the remainder when 125/6 + (-11)/f is divided by 11?
10
Suppose 3*c = -10*p + 9*p + 25, 3*c + 95 = 2*p. Calculate the remainder when 74 is divided by p.
34
Let m(j) = -j**2 + 6*j + 6. Let r be m(7). Let z = 5 + r. Calculate the remainder when 11 is divided by z.
3
Calculate the remainder when 12 - (0/(-4) - 1) is divided by 8.
5
Suppose k + 518 = 4*v - 67, -579 = -4*v + 3*k. What is the remainder when v is divided by 25?
22
Suppose -3*f + 48 = f. What is the remainder when 22 is divided by f?
10
Let j = 14 + -10. Let i(o) = o**2 - 3*o - 7. What is the remainder when i(6) is divided by j?
3
Suppose 0 = x - 3 - 1. Suppose -y = -0*y - x. Calculate the remainder when 7 is divided by y.
3
Suppose -3 = -j - 1. Suppose -o - j = -5*a - 6, 0 = a. Let n = -25 + 32. What is the remainder when n is divided by o?
3
Calculate the remainder when 27 is divided by (28/8)/((-2)/(-8)).
13
What is the remainder when (4*(-4)/8 - 2) + 93 is divided by 45?
44
Suppose -63 = -5*z + 57. Let w(b) = b**2 + 4*b + 1. What is the remainder when z is divided by w(-6)?
11
Let j = 20 + -11. Suppose 145 = 5*o - 3*d, -2*d + 16 = 3*o - 2*o. Calculate the remainder when o is divided by j.
8
Suppose -6 = x - 3. Let z(j) = -j**3 - 2*j**2 + j + 4. Calculate the remainder when 19 is divided by z(x).
9
Calculate the remainder when 76 is divided by 15 + (-6 - 8/(-4)).
10
Suppose -2*a - 5*l + 272 = 23, -5*a - l = -588. What is the remainder when a is divided by 30?
27
Suppose 3*m - 725 = -5*w, -w - 5*m = -145 - 0. Calculate the remainder when w is divided by 37.
34
Let j(r) = r**2 - 10*r - 8. Let v be j(11). Let l be ((-7)/v)/((-1)/6). Let a = l + -7. What is the remainder when 19 is divided by a?
5
What is the remainder when ((-8)/(-12))/(8/348) is divided by 8?
5
Suppose -40 = -3*x - c, 0 = -x - c + 6 + 4. Calculate the remainder when 53 is divided by x.
8
Let c = -42 + 21. Let i = -5 - c. What is the remainder when 47 is divided by i?
15
Let d(u) = -u**3 - u**2 + u - 2. Let b be d(0). Calculate the remainder when 27 is divided by (b/5)/(3/(-75)).
7
What is the remainder when (1 - 3)*(-129)/6 is divided by 16?
11
Suppose n - 5 = 27. Let u = 19 + -8. What is the remainder when n is divided by u?
10
Let k(p) = 4*p**2 - 5*p - 4. Let c be k(-4). Suppose 4*a - 4*y = c, -y = -a + y + 22. Calculate the remainder when 3/(-6) - (-105)/2 is divided by a.
16
Suppose 3*d = j + 13, -d + 4*d + 7 = -4*j. Suppose 2*f - d*f + 9 = 0. Let t = 21 - f. What is the remainder when 22 is divided by t?
10
Suppose 0 = -3*k + 2*k + 24. What is the remainder when 142 is divided by k?
22
Let p(f) = -26*f**2 - 3*f - 2. Let w be p(-2). Let r = -42 - w. Calculate the remainder when r is divided by 20.
18
Let m = 13 + 14. Let y = 10 - -4. What is the remainder when m is divided by y?
13
Let k be (-92)/24 - 2/12. What is the remainder when (-36)/2*14/k is divided by 22?
19
Let c be (-2)/(-2*3/(-96)). Let g = c - -59. Calculate the remainder when g is divided by 7.
6
Suppose -5 - 90 = -5*k. What is the remainder when 46 is divided by k?
8
Suppose r - 5*r - g = -44, 0 = 5*r - 2*g - 68. Suppose -2*v - r = -3*v. Calculate the remainder when 46 is divided by v.
10
Let a(h) = 2*h**2 - 18*h + 5. What is the remainder when 17 is divided by a(9)?
2
Let h = -3 - -5. Suppose -50 + 2 = -4*b. What is the remainder when 2 - 66/(h/(-1)) is divided by b?
11
S